
5, 17
Let g(d) = -d**3 + 3*d + 148. Suppose -u + 4 = -5*b + 9*b, 0 = 5*b + 5*u - 20. List the prime factors of g(b).
2, 37
Suppose -82*v = -103*v + 284823. What are the prime factors of v?
3, 11, 137
Let m = -9260 - -25771. What are the prime factors of m?
11, 19, 79
What are the prime factors of (-308)/55*-28*55 - -2*1?
2, 19, 227
Suppose 0 - 3 = i. Let d(r) be the second derivative of -r**5/20 + r**4/3 - r**3/6 - 3*r**2 + 12*r + 7. What are the prime factors of d(i)?
2, 3, 5
Let i = -25 + 38. Suppose 0 = 18*q - i*q - 10. Suppose -4*j = 5*n - 3*j - 89, 3*n + q*j - 59 = 0. What are the prime factors of n?
17
Suppose 24*k - 19*k = -4*y + 8333, 5 = 5*k. What are the prime factors of (y/5)/((-18)/(-60))?
2, 347
Suppose -51*o + 48*o = 3*p - 74808, -2*o - p = -49879. What are the prime factors of o?
24943
Let d(m) = -m**2 + 7*m + 7. Let r(p) = p + 370 - 370. Let b(g) = d(g) - r(g). What are the prime factors of b(5)?
2, 3
Let m(x) = -x**3 + 9*x**2 + 54*x + 428. List the prime factors of m(-10).
2, 3, 149
Let g be (-9)/(-45) - 79/(-5). Let i be ((-100)/g)/((-1)/136). Suppose 3*m + i = 5*a, -5*a + 5*m = -0*m - 860. List the prime factors of a.
167
Suppose 0 = -2*k + 187 - 47. Suppose 6*q = 1330 - k. What are the prime factors of -1 - q/(-9)*3?
3, 23
Let l(k) = k**3 - 125*k**2 + 27*k + 2961. What are the prime factors of l(125)?
2, 3, 11
Let y be -39 + (32/(-6) - 5/(-15)). Let o(v) = -16*v + 8. Let z be o(-6). Let f = y + z. List the prime factors of f.
2, 3, 5
Let n = 1848 - 626. What are the prime factors of n?
2, 13, 47
Let i = -26 + 17. Let v be 1 - (5 - 1)*i/(-12). List the prime factors of (-1)/(v/14)*(2 - -4).
2, 3, 7
Let t(c) be the second derivative of -c**5/20 + 13*c**4/12 - 2*c**3/3 - 7*c**2/2 - 153*c. What are the prime factors of t(8)?
281
Suppose -7547 + 16845 = 5*i - 13932. List the prime factors of i.
2, 23, 101
Suppose 0 = -4*j + 2*w, -2*j + 4 = -4*j + 3*w. Suppose j - 6 = r, -2*v = 5*r + 199. Let k = 11 - v. What are the prime factors of k?
2, 7
Let v be 3/(-7) - (-300)/(-84). Let a be (-1398)/(-27) - v/18. Suppose -48*h + a*h = 560. List the prime factors of h.
2, 5, 7
List the prime factors of 5881*(10 + (-4)/1) - 3.
3, 19, 619
Suppose 173 = 3*a - 34. Let m = a - 65. Suppose 478 = 2*u + 5*d - 4*d, d + 968 = m*u. What are the prime factors of u?
241
Suppose -2*w + 2 = 0, 0 = 4*p + w + 5 - 6. Suppose p = -3*t - 5*b - 9, 2*b - 7*b - 25 = -5*t. Suppose 3*y - t*y = 35. What are the prime factors of y?
5, 7
Let b(k) be the third derivative of 13*k**6/60 - 4*k**5/15 + k**4/24 - 4*k**2 + 6*k. List the prime factors of b(3).
3, 11, 17
Let g = 5 - 35. Let a = 25 + g. What are the prime factors of (-375)/a + (-1 - -2)?
2, 19
List the prime factors of ((-1290630)/(-22))/(3/1).
5, 3911
Suppose 35*v = 41*v - 42. Suppose 24072 = v*o + 10*o. List the prime factors of o.
2, 3, 59
Let q be (-1 + 2)/(32/(-2912)). Let b = q + 161. What are the prime factors of b?
2, 5, 7
Let t be (-1 + 4)/18 - (-26667)/54. Let z = -377 + t. What are the prime factors of z?
3, 13
Let p = -181 + 205. Suppose -15*m = -p*m + 3654. List the prime factors of m.
2, 7, 29
Let w(d) = -150*d**3 - 2*d**2 + 8*d - 11. Let z be w(8). Let p be ((-1)/((-3)/1))/((-41)/z). Suppose -12*i + 2063 + p = 0. What are the prime factors of i?
2, 7
Suppose -2*u - 1371 = -5*r + 2*r, -3*r + 1350 = 5*u. Let f = r - 271. Let o = f - 67. List the prime factors of o.
3, 13
Suppose 4*g - 12821 = -t, -g - 3*t = 108 - 3305. List the prime factors of g.
2, 7, 229
Let y be (-62)/(-22) + (-12)/(-66). Suppose w - 3*j - 473 = 2*j, 4*w = -y*j + 1892. List the prime factors of w.
11, 43
Let w(k) = 25*k + 245. Let n be w(12). Let z = n + -272. What are the prime factors of z?
3, 7, 13
Let i = 230 - 215. Suppose -i*x + 9660 = 8*x. List the prime factors of x.
2, 3, 5, 7
Let y be -5 + 6 + 8 + -7. What are the prime factors of (-3732)/(-24)*4/(y/2)?
2, 311
Let z(g) = -47*g + 3255. List the prime factors of z(-81).
2, 3, 11, 107
Suppose 4*s = 8*s - 160. Let p be 8/(-5) + (-16)/s. What are the prime factors of (248/4)/((p + 3)*2)?
31
Suppose -1 = -y, -q + 34570 + 3246 = 4*y. What are the prime factors of q?
2, 3, 23, 137
Let r(u) = 25*u + 209. Let d be r(-9). What are the prime factors of ((-4)/d)/(11363/(-3788) + 3)?
947
Let s = 20787 + -6463. List the prime factors of s.
2, 3581
List the prime factors of 1 + 7191 - (-3 - (-35)/(-28)*-4).
2, 5, 719
Let z be (0 - 724/40) + 4/40. Let s(d) = -52*d + 6. What are the prime factors of s(z)?
2, 3, 157
Let q(a) = -12*a + 10. Let h(g) = 13*g - 9. Let p(v) = -3*h(v) - 4*q(v). Let n = 43 + -36. What are the prime factors of p(n)?
2, 5
Suppose 0 = 4*m - 22 - 6. Suppose m*k + c = 5*k + 229, -605 = -5*k + 4*c. List the prime factors of k.
3, 13
Let b(l) = -l**3 - 11*l**2 - 11*l. Let x be b(-10). Suppose 2*h = 3*v - 0*v - 22, -3*h - 4*v = -1. List the prime factors of (-2)/x - 131/h.
2, 13
List the prime factors of (4/(-8) - 0)/(-4 + (-184149)/(-46038)).
7673
Let d = 55 - 55. Suppose -5*s + 0*l + 40 = -4*l, d = -3*l - 15. What are the prime factors of ((-230)/s)/5*-2?
23
Let t(g) = 23*g**3 + 25*g**2 + 14*g - 51. What are the prime factors of t(8)?
3, 1493
Suppose 13*l = 9*l - 5*l. Suppose l = -278*d + 282*d - 2356. What are the prime factors of d?
19, 31
Let w be 2/7 + (144/84 - -2). Suppose 4*r - 152 = -q, -11*q - 292 = -13*q - w*r. What are the prime factors of q?
2, 5, 7
Let h be -2 + 1 + -1 + 252/7. Suppose -h*b + 1106 = -27*b. What are the prime factors of b?
2, 79
Let c be -3 - 1*-2 - 48/(-8). Suppose -m - 5*a = -77, -c*m + 4*a + 298 = -0*m. What are the prime factors of m?
2, 31
Let x be (26/(-14) - -2) + (-248)/(-28). Let b be x/(-15) + (-4456)/(-10). Suppose 0 = -5*n + 660 + b. What are the prime factors of n?
13, 17
Let u(p) = 2*p + 27. Let a be 1/(1*(-2)/(-10)*-1). Let q be (-4)/10 - (-58)/a. List the prime factors of u(q).
3
Let x = 388 + -388. Suppose x = 3*z - 327 + 96. What are the prime factors of z?
7, 11
Let k(n) be the first derivative of n**3/3 - n**2/2 - 5*n - 2. Let i be k(3). What are the prime factors of i*4/(-14) + (-16)/(-7)?
2
Let b(j) = 5099*j**3 + 89*j - 181. What are the prime factors of b(2)?
7, 5827
Suppose -10*x = -13*x + 9. Suppose -x*l + 1147 = 244. List the prime factors of l.
7, 43
List the prime factors of (-3)/9*(31162 + -28)*-1.
2, 5189
Let k = 8465 - 4660. What are the prime factors of k?
5, 761
Suppose 5*w - 7640 = -3*y, -w + 2*y = -2053 + 512. What are the prime factors of w?
1531
What are the prime factors of -16 - (-25 - -2 - 21640)?
21647
Let j be (-63)/5*(1 + 4). Let w = 568 + -681. Let v = j - w. What are the prime factors of v?
2, 5
Suppose -5*t + 23 = -h, -2*h + t - 2 = -1. Suppose 23*k = h*k + 2310. What are the prime factors of k?
2, 5, 11
What are the prime factors of ((-36362)/8)/(92/(-368))?
18181
What are the prime factors of -13596*1230/(-810) + 2/9?
2, 3, 31, 37
Let g(j) = 5179*j**2 + 59*j + 102. What are the prime factors of g(-2)?
2, 3, 5, 23
Suppose 3*n = 2*n - 3, 2*m + n = -3227. Let z = -645 - m. List the prime factors of z.
967
Let y(m) = 509*m - 25. Let h be y(5). Suppose 59*a - h = 53*a. What are the prime factors of a?
2, 3, 5, 7
Let f(o) be the first derivative of o**4/4 - o**3/3 - 7*o**2 + 38*o - 139. What are the prime factors of f(6)?
2, 67
Let u(r) = 4*r + 39. Let c be u(-9). Suppose -d + 40 = g - 132, -c*d + 514 = 5*g. What are the prime factors of d?
173
Let b = 118 - 115. Suppose -3*n + 1531 = 5*f, -4*n = -5*n - b*f + 509. List the prime factors of n.
2
Let s(y) = 3*y**2 + y + 8. Suppose -3*x - 5*g = 7, -8 = -2*g - 6. What are the prime factors of s(x)?
2, 13
Suppose 0 = -3*s + h + 10, -2*h - 14 = -3*s - 3*h. Suppose t = s*p - t - 32, -3*t - 30 = -4*p. Suppose j = p + 83. What are the prime factors of j?
2, 23
Suppose -36141 = -4*t - 3*k, -234*t + 239*t - 2*k = 45182. What are the prime factors of t?
2, 3, 251
Suppose -10*n + 74146 = -8*n + 5*u, n - 37034 = -22*u. List the prime factors of n.
2, 18539
List the prime factors of (1/4 + 9885/300)/(2/95).
19, 83
Let t(h) = 5*h**2 + 2 + h**2 + h + 5*h**2. Let z be t(-3). Suppose 3*d = -5*l + z + 549, 5*d = 3*l + 1067. What are the prime factors of d?
2, 107
List the prime factors of 13 + 6*(-16592)/(-12).
7, 1187
Suppose -4*x + 615 = 599. Suppose 2*w = o 